 + 3*d = 4. Suppose 2*c - d - 11 = 0. Let q(p) = 22*p**2 + 19*p**2 - 56*p**2 + 16*p**2 - 4*p - 4*p + 4. Calculate q(c).
-8
Let o(d) = -2*d**2 - 3*d - 3. Let p be o(-4). Let i = 25 + p. Let s(h) = h - i - 3*h - 4*h**2 - 3 + 6. What is s(1)?
-5
Let a(l) = -3*l + 14. Let u(t) = -t + 7. Let y(g) = -2*a(g) + 5*u(g). Suppose -2*c = 3*p + 19, -p + 2*c = 27 - 10. Determine y(p).
-2
Let b(a) = -a - 21. Suppose 2*r + 20 - 10 = 0. Let y be 84/4*-1 - r. Calculate b(y).
-5
Let h(v) = 2 + 29*v + 2 - 5. Let b(i) = -8226*i - 41131. Let y be b(-5). Determine h(y).
-30
Let h = 4712 - 4709. Let q(l) be the third derivative of 0*l**h - 29*l**2 + 1/12*l**4 + 0*l + 0. Calculate q(-4).
-8
Let h(z) be the first derivative of 1/4*z**4 + 2*z**2 + 72 - 10*z + 7/3*z**3. What is h(-7)?
-38
Let x be (0/(3 + -5))/(-2*1). Suppose -4*j - 2*j = -0*j. Suppose -4*p + n - 6*n - 18 = j, 5*p + n + 12 = x. Let l(h) = -h**2 + 3*h + 1. Give l(p).
-9
Suppose -134*x - 454 = -77 + 427. Let s(t) = -t + 0 - 2 - 3. Give s(x).
1
Let f(w) = 6*w + 17 - 2187*w**2 + 2188*w**2 - 16*w. Determine f(4).
-7
Suppose -5*s = -4*m - 92, 50 = 36*s - 34*s + 5*m. Let g(i) = i**2 - 19*i - 5. Determine g(s).
15
Let a(p) = 2*p + 2. Let x(s) = -s + 24. Let j(v) = -6*a(v) - x(v). Calculate j(-8).
52
Suppose -3*r + 36 = p + p, -3*r + p = -27. Let v(s) = r*s**2 - s - 8938 + 8938. What is v(-1)?
11
Let c = 0 - 1. Let i be (-128)/22 - 2*(-6)/(-66). Let b(q) = -q**3 + 2*q + 1. Let t(j) = 3*j**3 - 4*j - 2. Let h(x) = i*t(x) - 11*b(x). Determine h(c).
6
Let f(k) = -2*k - 22. Let o(r) = -52*r + 97. Let v be o(2). What is f(v)?
-8
Let z(h) = -3*h**3 - 3*h**2 - 3*h. Let c be z(-4). Suppose 2*y + 2*y = -c. Let i = -35 - y. Let w(t) = t**3 - 3*t**2 - 2*t - 4. Calculate w(i).
4
Let g = -76 + 82. Let z(q) = g - 29*q**3 + 10*q**2 - 8*q - 2*q**2 + 30*q**3. What is z(-9)?
-3
Let s(b) = -b**2 + 16*b - 20. Let v be ((-3)/6)/(2 + (-51)/24). Let f(w) = -w**2 + 6*w + 7. Let a be f(v). Determine s(a).
-5
Let s(n) = n**3 + 21*n**2 - 47*n - 19. Let v be s(-23). Let t(k) = -5*k**3 + 6*k**2 - 3*k**2 + 6 - 4 + v*k**2 - 5*k + 4*k**3. What is t(6)?
8
Let s(q) be the second derivative of q**5/40 + 5*q**4/12 + q**3/6 + 7*q**2/2 - 37*q. Let h(p) be the second derivative of s(p). Calculate h(-7).
-11
Suppose 5*a = -4*o - 52, -2*o + 2*a - 7 = 1. Let j(d) = 547*d**2 + 7 + 9*d - d**3 - 554*d**2 + 4. What is j(o)?
3
Let k(c) = -9*c - 97. Let j(g) = g**2 - 12*g + 17. Let m be j(9). Let f be k(m). Let l(n) = -2*n - 14. Give l(f).
0
Let d = 4241 + -4236. Let f(k) = -k**3 + 10*k**2 - 25*k - 6. Determine f(d).
-6
Suppose 3*d = a + 11, -a - 7 = 9*d - 11*d. Let n(g) = -5*g**3 + 10*g**2 - 10*g - 8. Let x(m) = m**3 - m**2 + m + 2. Let v(s) = -n(s) - 4*x(s). Give v(d).
-8
Let c(w) be the third derivative of w**5/15 + w**4/12 - w**3/2 + 2*w**2 + 167. What is c(3)?
39
Let w be ((-98)/140)/((-1)/(-8))*-10. Let m = 60 - w. Let q(k) = m*k + 19 - 9*k + 6*k - 2*k. Determine q(0).
19
Let s(w) be the first derivative of -4*w**2 + 130*w - 4619. Determine s(14).
18
Let c(d) be the third derivative of -d**6/120 + 3*d**5/20 - 5*d**4/12 + d**3/6 + 77*d**2. Let g = 354 - 347. What is c(g)?
29
Let o(z) = -z**3 - 5*z**2 - 2*z - 2. Suppose -13 = -3*j + 2. Let w be 1 + 0/((-25)/j). Suppose 2*p - 4*c + w + 11 = 0, -p - 2 = 2*c. What is o(p)?
-10
Let v(y) = 50*y + 692. Let n(c) = 17*c + 247. Let l(o) = -8*n(o) + 3*v(o). Calculate l(-6).
16
Suppose -l + 0 + 3 = -n, 3*n = -5*l + 7. Suppose -l*r = -4 - 0. Let c(g) = 9*g - 1441. Let a(u) = -3*u + 455. Let f(s) = -19*a(s) - 6*c(s). Calculate f(r).
7
Let r be ((-4)/(-10) - 336/(-160))*62. Let c = r + -147. Suppose -12 = c*k - 2*k. Let m(p) = -6*p**2 + 2*p. Give m(k).
-28
Let y(w) = -w**2 + 6*w - 15. Let x be y(3). Let f(r) = -1040*r + 522*r - 10 + 516*r. Calculate f(x).
2
Let m(u) = -u**2 + 8*u - 4. Let g = 57 + -45. Suppose -g = w - 3*w. Suppose -w*p + 36 = -6. Give m(p).
3
Let s(z) be the second derivative of -z**4/4 + 5*z**3/6 - 2*z**2 - 954*z. What is s(2)?
-6
Let v(r) be the first derivative of 3*r**4/4 + 7*r**3/3 - r**2 - 4*r + 822. Determine v(-3).
-16
Suppose -165*o - 91*o = 9*o + 3975. Let s(p) = p**3 + 15*p**2 - 3*p - 22. Calculate s(o).
23
Let d(p) = -78*p**3 - 46 + 195*p**3 - 115*p**3 - 53*p**2 - 24*p. Determine d(27).
35
Let w(o) = 4*o**2 + 0*o + o**3 - 5*o - 2 + 4*o. Suppose -95*h - 2*g - 25 = -94*h, -2*h = -7*g - 71. Calculate w(h).
10
Let h = -163 - -181. Suppose -4*b - 2*b + h = 0. Let u(n) = -8*n + 4. Calculate u(b).
-20
Let j(m) = m**2 - 13*m - 29. Let u be j(15). Let d(s) = u + s - 9 + 0*s + 10. What is d(-1)?
1
Suppose 0 = m - 5*p - 2, -18*p = 5*m - 21*p - 10. Let h(w) be the third derivative of 1/24*w**4 - 1/3*w**3 + 0 + 39*w**m + 0*w. Determine h(7).
5
Let b(k) be the second derivative of -k**6/360 - k**5/24 - k**4/3 - 2*k. Let f(i) be the third derivative of b(i). Let r = -1711 - -1707. Determine f(r).
3
Let b be 1/((-52)/(-8)) + 82/(-533). Let h = 2 + 0. Let p(a) = -a**3 + 8 + 2*a**3 + 5 - h*a**3. Calculate p(b).
13
Let c = 2101 + -2106. Let j(l) = l**3 + 6*l**2 + 5*l - 2. Give j(c).
-2
Let c(u) = 4*u**3 + 2*u**2 + 2*u + 1. Let m be (-4)/(-14) - 3508/28. Let y = -85 - m. Let s = 39 - y. Give c(s).
-3
Let q(c) = c**3 - 9*c**2 + 4*c - 22. Suppose 0 = 4*z + 4*v - 12, 62 = 3*z + 5*v + 65. Calculate q(z).
14
Let j(f) = -7*f**2 - 8. Let g be (2 - -1)*(-8)/(-6). Let m(l) = -2*l**2 + l. Let k = 27779 + -27780. Let i(r) = g*m(r) + k*j(r). What is i(7)?
-13
Let x(d) be the first derivative of -d**4/4 - 3*d**2/2 + d - 245. Suppose -12*m - 99 + 135 = 0. Determine x(m).
-35
Let z be ((-9)/54)/((-9)/12) + 528/54. Let p(a) = -42*a + 417. Give p(z).
-3
Let y(v) = v**2 + 13*v - 10. Let j be y(-12). Let u = j + 20. Let q(z) = -z**3 - 5*z**2 - 4*z - 2. Calculate q(u).
-6
Let b(t) be the first derivative of 5*t**2 - t + 183171. Let p = -5 - -3. Calculate b(p).
-21
Let a(i) = 2*i**2 - 14*i - 20. Let k be (-56)/(-80)*5 - 6/(-4)*3. Give a(k).
-4
Let l be 2/((-94)/14 - -7). Let g(j) = -j - 4. Let q be g(-11). Let o(p) = 0 + 3 + 2*p**2 + l*p - 10*p**2 + q*p**2. Give o(7).
3
Let m(i) = 299438*i**2 + 3*i + 18 - 299448*i**2 - 15*i + i**3. Give m(11).
7
Let s(z) = -18*z**2 - 201*z - 37. Let y be s(-11). Let b(t) = -15*t - 33. Calculate b(y).
27
Suppose 322*d - 55 = -3*u + 320*d, -2*d = u - 25. Let q(g) be the first derivative of 1/4*g**4 + 3*g**3 - 3*g + u + 4*g**2. What is q(-8)?
-3
Let f(s) = -s**2 + 2*s + 8. Let y be f(4). Suppose y = 7*z - 39 - 59. Let q(t) = -6 - t**2 - 4*t + z*t + 1. What is q(8)?
11
Let u = -48 + 48. Suppose u = -f + 5*v - 12, -v = -5*f + 28 + 8. Let i(l) = 5*l**3 - l**3 + 8*l**2 - f - 2*l**3 - 3*l**3. Determine i(8).
-8
Let k(m) be the first derivative of m**4 - 2*m**3/3 - 9*m**2/2 - 18*m - 13856. Determine k(-2).
-40
Let a(w) = -20*w - 1. Let q(t) = t**3 + 6*t**2 + 5*t + 3. Let i be q(-5). Suppose -5 = u - 4*b + 1, -i*u - b - 5 = 0. Calculate a(u).
39
Let h(j) = -j**3 + 8*j**2 - 2*j + 3. Let k(y) = 2*y - 12 - 2*y + 3*y**2 + y + 3*y. Let s be k(2). Calculate h(s).
-13
Let m(r) = 172*r + 66. Let j(b) = 460*b + 198. Let h(i) = -3*j(i) + 8*m(i). Calculate h(-11).
-22
Let v be 7*(-1)/(-3 + 2). Let d(z) be the third derivative of -z**4/8 - 3*z**3/2 + 88*z**2 + z + 2. Calculate d(v).
-30
Suppose 0 = -15*l - 64 - 124 + 53. Let i(x) = 29*x + 263. Give i(l).
2
Let h(s) = -8*s + 69. Let g(t) = 335*t + 1347. Let p be g(-4). Calculate h(p).
13
Let t(c) = 18 + 19624*c - 15 - 9814*c + c**2 - 9802*c + 5. Give t(-13).
73
Let f(c) = -c**3 - 12*c**2 + 6*c - 21. Let q be ((-39)/3)/(-93 - -94). Give f(q).
70
Let m(w) = -3*w + 14. Let o(f) be the first derivative of 4*f**2 - 44*f - 58. Let g(p) = 11*m(p) + 4*o(p). What is g(-16)?
-6
Let n(v) = -v**2 - 75*v - 285. Let g be n(-71). Let w(y) = 13*y**2 - 5*y - 3. Calculate w(g).
15
Let g(s) = -21 + 1033*s - 1025*s - 6*s**2 + 19 + s**3. Let t = 21 - 16. Determine g(t).
13
Let r be (-2)/(-1)*((-25)/10 + 4). Let p(d) = -3*d - 12. Let o(t) = -4*t - 8. Let l(q) = r*p(q) - 4*o(q). Determine l(3).
17
Let z(i) = i**3 + 15*i**2 - 28*i + 93. Let a be (1*(13 - -4))/(3 + (3 - 7)). Give z(a).
-9
Let o(q) = -6*q**2 - 93*q + 46. Let t(n) = 13*n**2 + 185*n - 90. Let u(m) = 9*o(m) + 4*t(m). Calculate u(-49).
5
Let d(o) = o**3 + 8*o**2 - 2*o - 56. Let r be d(-7). Let t(f) = -f - 13. Give t(r).
-20
Let 